me?
True
Suppose 5*d = d + 16, -5*l + 4*d - 66 = 0. Is (-47026)/l - (-8)/80*4 composite?
False
Let r = 3355 + 3553. Suppose -5*z = 1473 - r. Is z a composite number?
False
Let u(h) = -251*h**2 + 3*h - 5. Let v be ((-18)/21)/(7/49). Let c(f) = f**2 - f + 1. Let i(k) = v*c(k) - u(k). Is i(1) composite?
True
Let a = -58 + 61. Is ((-2)/(-8)*-62)/(a/(-642)) a prime number?
False
Let k = 170 + -166. Let b be 2/2 + -22 - -1. Is (-23732)/b - -2 - k/(-10) a composite number?
True
Suppose 81*v + 69409250 = 178*v + 153*v. Is v a composite number?
False
Let k be (3 - -1)/(20/15). Suppose 8*r - k*r + 31 = c, -4*r - 36 = 2*c. Let v = r - -208. Is v composite?
True
Let b be (-237)/24 + ((-68)/32 - -2). Let p be (1 - 3) + (b + 5 - -156). Suppose p = g - 104. Is g prime?
False
Let f(u) = -7*u**3 - 8*u + 9*u**2 + 29*u + 5 - 16*u - 20*u. Is f(-6) composite?
False
Suppose -5*f - 4*q + 72994 = -1893, 20*f + 3*q - 299444 = 0. Is f composite?
True
Let s(u) = 15*u**2 - 259*u + 197. Is s(102) a prime number?
False
Let n(t) = 8509*t**2 + 284*t + 1155. Is n(-4) prime?
True
Let a(c) = 12*c + 80. Let y be a(-7). Is (-3)/(-15)*(y - -1799) a composite number?
False
Suppose -12*n = 43035 - 200991. Is n composite?
False
Let o = -21549 - -76300. Is o a prime number?
True
Let b(i) = i**3 + 17*i**2 - 16*i + 41. Let h be b(-18). Suppose 11*a = 10*a + h*y + 1446, 0 = -2*a + 4*y + 2886. Is a a composite number?
True
Let a = 13096 + -7127. Is a composite?
True
Let k be 20/(-8)*(-4)/5. Let i be 3/(-72)*3 - 21545/(-8). Suppose 677 = a - k*h, a + 3*a - 5*h = i. Is a a prime number?
False
Suppose 112*f - 110*f - 8 = 0. Is (1 - 5/3)*(-3522)/f prime?
True
Let h be 3*(-14)/(-6) - -17930. Suppose 3*z - 3*v = 55047 - h, -3*z + 37120 = -5*v. Is z prime?
False
Let t be -2 + (-3 - -5) - -4. Suppose -t*j - 226 = -5*c, 5*c - 194 = -3*j - j. Let z = c - 38. Is z a prime number?
False
Suppose 14*n - 138535 - 49514 = 205673. Is n a prime number?
True
Let l(f) = -f**2 + 8*f + 12. Let w be l(0). Suppose -1566 = -s + 5258. Is w/(-28) - s/(-14) a composite number?
False
Let u = -8 + 11. Let g be 1*u/3*-254. Is (1*g/(-2))/1 composite?
False
Suppose 6852793 = -198*i + 325*i. Is i a prime number?
True
Suppose 3*y + y - 56 = 5*w, 0 = -3*y + 2*w + 42. Suppose -d = 4*f - 7720, -6 + y = -2*d. Is f composite?
False
Suppose 0 = 17*r - 21*r - 88. Let a = r + 26. Suppose 4*y - 888 = v, 3*y + v - 643 = -a*v. Is y a prime number?
False
Suppose -355*w - 11*w = 110*w - 417524828. Is w composite?
True
Let v(u) = -u**3 - 14*u**2 + 20*u + 22. Let d(k) = -k**3 - 10*k**2 + 5*k + 32. Suppose -14*i = 87 + 53. Let n be d(i). Is v(n) prime?
False
Suppose 9*z + 362 = 11*z. Suppose -y + z = 155. Is ((-11331)/(-54))/(-2 - y/(-12)) a composite number?
False
Suppose -2*n + 4*j + 12 = -n, n + 2*j = 0. Suppose o + n*o = 955. Is o a composite number?
False
Let v(x) = 11*x**3 - 3*x**2 - 6*x - 11. Let c(p) = p**2 + 13*p - 40. Let s be c(-16). Is v(s) prime?
True
Suppose 5*a + 3145 = 5*x, 5*x + 1887 = -5*a + 2*a. Let o = a - -1026. Is o a prime number?
True
Let a(h) = -h**3 + 3*h**2 + 4*h - 23. Let l be a(5). Let n = l - -56. Suppose 0 = n*y - 5*f - 1163, 0*y - 1917 = -5*y + 3*f. Is y a composite number?
True
Suppose 0 = -34*c + 52*c - 587502. Is c a prime number?
False
Suppose 2*g - 2*q = 22010, 7*g - 6*g = -3*q + 10981. Is g a prime number?
False
Let q = -20 + 31. Let t(a) = 5*a + 30*a - 33 + 27*a. Is t(q) a composite number?
True
Let m be (-183715)/91 + (-4)/26. Suppose -8*f + 17 = -15. Is m/((-11)/f - 4/16) composite?
False
Let y(b) = -3044*b + 441. Is y(-23) prime?
False
Suppose 3*y = 50902 + 81245. Suppose 10*s - 7941 = y. Is s a prime number?
False
Let g = -103453 - -295614. Is g a prime number?
True
Suppose -11 = 4*f + 3*y - 4, 5*f - 2*y = 20. Let t(q) = 100 - q**f + 9*q + 514 - 11*q + 2*q**2. Is t(0) composite?
True
Let a = 69 + -31. Let o(d) = 11 - a - d - 145*d. Is o(-3) composite?
True
Let i(z) = 74 - 223 - 81 + 58*z + 99*z. Is i(31) a composite number?
False
Suppose 41*f - 151*f = -11489830. Is f composite?
True
Suppose 186*r + 138*r - 17638021 = 73*r. Is r composite?
False
Suppose 3*u = 4*u + 81. Let p be u/(-18)*13204/6. Suppose -1242 + p = 3*f. Is f composite?
False
Let c(q) = q**2 + q - 8. Let v be c(4). Suppose 7*w - v = 9. Is (-14349)/(-18) - w/18 a prime number?
True
Let g = -331 + 357. Let s = g - -925. Is s prime?
False
Is -2*(-5 + 72400/(-32)) composite?
True
Let r(d) = -d + 5. Let h be r(2). Let c(j) = 7*j - 6*j**h - 6*j**2 + 26 - j**3 + 2*j**2 + j**3. Is c(-5) prime?
True
Let y be (-5 - (-1 - 10)) + -6. Suppose y = f - q - 5388, 5*q = -4*f + 23915 - 2408. Is f prime?
False
Suppose -215364 = -198*v + 2583139 + 22762307. Is v a prime number?
False
Let o be -815*(147/(-35) + 4). Suppose 6*d - 113 = o. Is d composite?
True
Let t = 66 - 6. Is (10589/(-6))/((-10)/t) a composite number?
False
Let j = 2 - -52. Let r(u) = 5*u + 12*u**2 + 53 + u - j + 2*u. Is r(5) a composite number?
True
Let g(m) = 28314*m + 253. Is g(7) a composite number?
True
Let a(r) = -r**2 + 15*r - 8. Let m be a(9). Let k = m + -26. Let h = 1603 + k. Is h prime?
False
Let r(x) = -x**3 - 2*x + 858. Let o be r(0). Let q be o/(-2) + 8 + -6. Is (-16 - q) + 2/(-1) a prime number?
True
Let z be (-1414)/(-56) - (-3)/(-12). Suppose -56415 = 20*s - z*s. Is s a prime number?
False
Suppose 13*p = 16*p - 9. Let x be (4 - 6/3) + 0 + p. Suppose -3*h = 2*m - 5053, 4*h + x*m = 2*h + 3354. Is h composite?
True
Suppose -2*n + 520 = 4*w - 2*w, 1038 = 4*n + 5*w. Suppose -2*t = -7*t + 2355. Let o = t - n. Is o a composite number?
True
Let q = 772 - 986. Let h(x) = x**3 + 5*x**2 + x - 5. Let v be h(-5). Is q/v + (-12)/(-20) composite?
True
Let r(a) = 484*a - 113. Let x be r(14). Suppose 20*q - x - 9117 = 0. Is q a prime number?
False
Suppose -13128 = 4*x - 4*t, 3273 = 2*x - 3*x - 2*t. Let d = 4625 + x. Is d a prime number?
False
Let k = -7325 + 21310. Is k composite?
True
Let h be (35190/(-24))/(22/8 - 3). Let m = -3212 + h. Is m composite?
True
Suppose 0*n - 5*n = 3*g - 789907, -n = -7*g - 157951. Is n prime?
False
Let g = 27 - 17. Suppose 0 = -9*d + g*d - 114. Let u = 833 - d. Is u prime?
True
Suppose -23*v = -20*v. Suppose 0*g + p + 54 = 2*g, 2*g + 4*p - 34 = v. Suppose -g*r + 27*r - 3086 = 0. Is r a prime number?
True
Let d = 5 + -33. Let w be ((-14)/d)/((-2)/(1 + 7)). Is (w + -51)/((-70)/23 - -3) a prime number?
False
Suppose 3*h + k - 20 = -0*k, 0 = h - 2*k - 16. Is (-6)/h*-4 - -9232 prime?
False
Let z(y) = -3*y**2 - y + 8. Let l be z(-5). Let f = l + 60. Is ((-10)/f)/(0 + (-1)/(-131)) a composite number?
True
Suppose 8 = 2*n - w, n - 26 = w - 20. Suppose -662 = -n*t - 5*p + 380, t - p = 507. Is t a composite number?
True
Let m(v) = -v**3 - 11*v**2 + 10*v - 14. Let z be m(-12). Is 6 + (-535)/z*-46 a prime number?
True
Let b(y) = -87969*y + 5930. Is b(-11) a composite number?
True
Let u be 3*(-2225)/(-35) - (-2)/7. Suppose u*h - 2284 = 192*h. Let g = h + 3941. Is g a prime number?
True
Let b(p) be the third derivative of 25*p**4/3 + p**3/6 + 16*p**2. Let h be b(-4). Let f = h - -1322. Is f composite?
False
Let z = -64303 - -112062. Is z prime?
False
Suppose -8*y + 10*y = -4*p + 47088, -58821 = -5*p + 4*y. Is p a composite number?
True
Let d = 446 + -451. Let l(m) = 172*m**2 - 22*m - 89. Is l(d) prime?
False
Suppose 5*v = 6*v - 348. Let k be v/60 + 4/(-5). Is -1*-538*k/10 composite?
False
Suppose 0 = -5*z + 5*a + 9 + 11, 2*z - 1 = -5*a. Let g(p) be the second derivative of 3*p**4/4 + 5*p**3/6 - 5*p**2/2 - p. Is g(z) prime?
False
Suppose -5*s + 3*g + 75 = 0, 0 = -2*s - 3*g + 32 - 23. Is -2*(438207/(-198) + 2/s) a composite number?
True
Let a(x) = 72*x**2 - 7*x + 6. Let i be a(10). Is i + -3*(-49)/(-21) a composite number?
False
Suppose -z - 11*d + 15*d + 1576 = 0, z = d + 1573. Suppose 3*l - 3*c = -0*c + z, -3*l + 4*c = -1572. Let j = 7195 - l. Is j prime?
False
Let f(u) = 3612*u**2 - 11*u + 414. Is f(13) a prime number?
True
Let b = 39 - -152. Let d = b - 106. Is d a composite number?
True
Let a(i) = i**2 - 2*i - 4. Let b be a(4). Suppose n = b*h - n - 34182, -h + 8558 = -3*n. Is h a composite number?
False
Let v = 95 - 87. Let c be 12 - v/(7 + -3). Suppose c*r - 15*r = -1735. Is r a prime number?
True
Let w = 1965491 + -1384770. Is w a composite number?
True
Le